

{"id":103,"date":"2025-01-01T22:19:42","date_gmt":"2025-01-01T21:19:42","guid":{"rendered":"https:\/\/geoseminaire2025.teledetection.fr\/?page_id=103"},"modified":"2025-02-17T22:29:30","modified_gmt":"2025-02-17T21:29:30","slug":"informations-pratiques","status":"publish","type":"page","link":"https:\/\/geoseminaire2025.teledetection.fr\/?page_id=103","title":{"rendered":"Informations Pratiques"},"content":{"rendered":"\n<h2 class=\"wp-block-heading has-text-color has-link-color wp-elements-4d334a167899a7465cb9b64fe97b4599\" style=\"color:#5814eb\">Comment se rendre \u00e0 l&rsquo;\u00e9v\u00e8nement ?<\/h2>\n\n\n\n<p class=\"has-medium-font-size\">Le <strong>G\u00e9os\u00e9minaire<\/strong> se d\u00e9roulera le <strong>20 mars 2025<\/strong> \u00e0 l\u2019<strong>H\u00f4tel de Montpellier M\u00e9diterran\u00e9e M\u00e9tropole<\/strong>, situ\u00e9 au <strong>50 Place Zeus<\/strong>.<\/p>\n\n\n\n<style>\n    .divider {\n        font-size: 30px;\n        display: flex;\n        align-items: center;\n    }\n        \n    .divider::before, .divider::after {\n        flex: 1;\n        content: '';\n        padding: 2px;\n        background-color: #190c68;\n        margin: 5px;\n    }\n\n<\/style>\n<div class=\"divider\">\n    <img decoding=\"async\" src=\"\/wp-content\/uploads\/images\/link_zelda.ico\" alt=\"\">\n    <img decoding=\"async\" src=\"\/wp-content\/uploads\/images\/link_zelda.ico\" alt=\"\">\n    <img decoding=\"async\" src=\"\/wp-content\/uploads\/images\/link_zelda.ico\" alt=\"\">\n    <img decoding=\"async\" src=\"\/wp-content\/uploads\/images\/link_zelda.ico\" alt=\"\">\n    <img decoding=\"async\" src=\"\/wp-content\/uploads\/images\/link_zelda.ico\" alt=\"\">\n    <img decoding=\"async\" src=\"\/wp-content\/uploads\/images\/link_zelda.ico\" alt=\"\">\n    <img decoding=\"async\" src=\"\/wp-content\/uploads\/images\/link_zelda.ico\" alt=\"\">\n<\/div>\n\n\n\n<p><\/p>\n\n\n\n<p><\/p>\n\n\n\n<div class=\"wp-block-group is-vertical is-content-justification-center is-layout-flex wp-container-core-group-is-layout-4b2eccd6 wp-block-group-is-layout-flex\">\n\n\t\t\t\t<div id=\"map_ol3js_1\" class=\"map undefined\" data-map_name=\"undefined\" data-map=\"map_ol3js_1\" style=\"width:95%; max-width:100%; height:450px; display:block; overflow:hidden;border:thin solid blue;\" >\n\t\t\t\t  <div id=\"map_ol3js_1_popup\" class=\"ol-popup\" >\n\t\t\t\t\t<a href=\"#\" id=\"map_ol3js_1_popup-closer\" class=\"ol-popup-closer\"><\/a>\n\t\t\t\t\t<div id=\"map_ol3js_1_popup-content\" ><\/div>\n\t\t\t\t  <\/div>\n\t\t\t\t<\/div>\n\t\t\t\n\n\t\t\t\t<script type=\"text\/javascript\">\n\t\t\t\t\ttranslations['openlayer'] = \"open layer\";\n\t\t\t\t\ttranslations['openlayerAtStartup'] = \"open layer at startup\";\n\t\t\t\t\ttranslations['generateLink'] = \"link to this map with opened layers\";\n\t\t\t\t\ttranslations['shortDescription'] = \"short description\";\n\t\t\t\t\ttranslations['generatedShortCode'] = \"to get a text control link paste this code in your wordpress editor\";\n\t\t\t\t\ttranslations['closeLayer'] = \"close layer\";\n\t\t\t\t\ttranslations['cantGenerateLink'] = \"put this string in the existing map short code to control this map\";\n\t\t\t  <\/script>\n\n\n\t\t\t  <script type=\"text\/javascript\">\n\t\t\t  vectorM['map_ol3js_1'] = [];\n\t        \n        var raster = getTileLayer(\"osm\",\"NoKey\");\t\t\t\n\n\t\t\t  var map_ol3js_1 = new ol.Map({\n\t\t\t\tinteractions: ol.interaction.defaults.defaults({mouseWheelZoom:false}),\n\t\t\t\tlayers: [raster],\n\t\t\t\ttarget: \"map_ol3js_1\",\n\t\t\t\tview: new ol.View({\n\t\t\t\t  center: ol.proj.transform([3.8908,43.6079], \"EPSG:4326\", \"EPSG:3857\"),\n\t\t\t\t  zoom: 18.7\n\t\t\t\t})\n\t\t\t  });\n\t\t\t  osm_addMarkerLayer(map_ol3js_1,3.8907,43.6078,\"https:\/\/geoseminaire2025.teledetection.fr\/wp-content\/plugins\/osm\/icons\/mic_gold_stolperstein-L.png\",-16,-41,\"<p><\/p>\") ; \naddControls2Map(map_ol3js_1,0,0,3,1,5,6,7,0,1);\nosm_addPopupClickhandler(map_ol3js_1,  \"map_ol3js_1\"); \nosm_addMouseHover(map_ol3js_1); <\/script>\n<\/div>\n\n\n\n<p><\/p>\n\n\n\n<style>\n    .divider {\n        font-size: 30px;\n        display: flex;\n        align-items: center;\n    }\n        \n    .divider::before, .divider::after {\n        flex: 1;\n        content: '';\n        padding: 2px;\n        background-color: #190c68;\n        margin: 5px;\n    }\n\n<\/style>\n<div class=\"divider\">\n    <img decoding=\"async\" src=\"\/wp-content\/uploads\/images\/link_zelda.ico\" alt=\"\">\n    <img decoding=\"async\" src=\"\/wp-content\/uploads\/images\/link_zelda.ico\" alt=\"\">\n    <img decoding=\"async\" src=\"\/wp-content\/uploads\/images\/link_zelda.ico\" alt=\"\">\n    <img decoding=\"async\" src=\"\/wp-content\/uploads\/images\/link_zelda.ico\" alt=\"\">\n    <img decoding=\"async\" src=\"\/wp-content\/uploads\/images\/link_zelda.ico\" alt=\"\">\n    <img decoding=\"async\" src=\"\/wp-content\/uploads\/images\/link_zelda.ico\" alt=\"\">\n    <img decoding=\"async\" src=\"\/wp-content\/uploads\/images\/link_zelda.ico\" alt=\"\">\n<\/div>\n\n\n\n<p><\/p>\n\n\n\n<style>\n        .info_group {\n            font-weight:bold;\n            font-size: x-large;\n\n        }\n        \n    <\/style>\n    <div class=\"info_group\" style=\"text-align:center\">\n        <img decoding=\"async\" src=\"\/wp-content\/uploads\/images\/joystick.ico\" alt=\"\">\n        Acc\u00e8s au G\u00e9os\u00e9minaire\n        <img decoding=\"async\" src=\"\/wp-content\/uploads\/images\/joystick.ico\" alt=\"\">\n    <\/div>\n\n\n\n<p><\/p>\n\n\n\n<p style=\"font-size:23px\"><strong>\ud83d\ude86 En transport en commun :<\/strong><\/p>\n\n\n\n<ul class=\"wp-block-list\">\n<li><strong>Depuis la gare Sud de France<\/strong> :<br>Prendre la navette Gare jusqu\u2019\u00e0 Place de France, puis le <strong>Tramway Ligne 1<\/strong> en direction de Mosson. Descendre \u00e0 l\u2019arr\u00eat <strong>L\u00e9on Blum<\/strong>, puis marcher 5 minutes jusqu\u2019au <strong>50 Place Zeus<\/strong>.<\/li>\n\n\n\n<li><strong>Depuis la gare Saint-Roch<\/strong> :<br>Emprunter le <strong>Tramway Ligne 1<\/strong> en direction d\u2019Odysseum et descendre \u00e0 l\u2019arr\u00eat <strong>L\u00e9on Blum<\/strong>. Le <strong>50 Place Zeus<\/strong> se trouve \u00e0 5 minutes \u00e0 pied.<strong> <\/strong><\/li>\n\n\n\n<li><strong>Depuis l\u2019A\u00e9roport Montpellier M\u00e9diterran\u00e9e<\/strong> :<br>Prendre la <strong>Ligne 620 \u2013 Navette A\u00e9roport<\/strong> jusqu\u2019\u00e0 <strong>Place de l\u2019Europe<\/strong>, puis marcher 5 minutes jusqu\u2019au <strong>50 Place Zeus<\/strong>.<\/li>\n<\/ul>\n\n\n\n<p style=\"font-size:23px\"><strong>\ud83d\ude97 En voiture :<\/strong><\/p>\n\n\n\n<ul class=\"wp-block-list\">\n<li><strong>Depuis l\u2019autoroute A9 \/ A709<\/strong> :<br>Prendre la <strong>sortie 29 \u2013 Montpellier EST<\/strong>, suivre la direction <strong>Antigone<\/strong>, puis stationner au <strong>Parking TAM Antigone<\/strong>, situ\u00e9 \u00e0 proximit\u00e9 du <strong>50 Place Zeus<\/strong>.<\/li>\n<\/ul>\n","protected":false},"excerpt":{"rendered":"<p>Comment se rendre \u00e0 l&rsquo;\u00e9v\u00e8nement ? Le G\u00e9os\u00e9minaire se d\u00e9roulera le 20 mars 2025 \u00e0 l\u2019H\u00f4tel de Montpellier M\u00e9diterran\u00e9e M\u00e9tropole, situ\u00e9 au 50 Place Zeus. Acc\u00e8s au G\u00e9os\u00e9minaire \ud83d\ude86 En transport en commun : \ud83d\ude97 En voiture :<\/p>\n","protected":false},"author":2,"featured_media":0,"parent":0,"menu_order":0,"comment_status":"closed","ping_status":"closed","template":"","meta":{"_uag_custom_page_level_css":"","footnotes":""},"class_list":["post-103","page","type-page","status-publish","hentry"],"yoast_head":"<!-- This site is optimized with the Yoast SEO plugin v26.0 - https:\/\/yoast.com\/wordpress\/plugins\/seo\/ -->\n<title>Informations Pratiques - G\u00e9os\u00e9minaire 2025<\/title>\n<meta name=\"description\" content=\"Entre repr\u00e9sentation des territoires, attractivit\u00e9 et innovation, croiser les mondes de la g\u00e9omatique et du jeu vid\u00e9o.\" \/>\n<meta name=\"robots\" content=\"index, follow, max-snippet:-1, max-image-preview:large, max-video-preview:-1\" \/>\n<link rel=\"canonical\" href=\"https:\/\/geoseminaire2025.teledetection.fr\/?page_id=103\" \/>\n<meta property=\"og:locale\" content=\"fr_FR\" \/>\n<meta property=\"og:type\" content=\"article\" \/>\n<meta property=\"og:title\" content=\"Informations Pratiques - G\u00e9os\u00e9minaire 2025\" \/>\n<meta property=\"og:description\" content=\"Entre repr\u00e9sentation des territoires, attractivit\u00e9 et innovation, croiser les mondes de la g\u00e9omatique et du jeu vid\u00e9o.\" \/>\n<meta property=\"og:url\" content=\"https:\/\/geoseminaire2025.teledetection.fr\/?page_id=103\" \/>\n<meta property=\"og:site_name\" content=\"G\u00e9os\u00e9minaire 2025\" \/>\n<meta property=\"article:publisher\" content=\"https:\/\/www.facebook.com\/people\/Geoseminaire-2025\/61572608900768\/\" \/>\n<meta property=\"article:modified_time\" content=\"2025-02-17T21:29:30+00:00\" \/>\n<meta property=\"og:image\" content=\"https:\/\/geoseminaire2025.teledetection.fr\/wp-content\/uploads\/2025\/01\/G-geoseminaire_sans_fond_capri.png\" \/>\n\t<meta property=\"og:image:width\" content=\"1024\" \/>\n\t<meta property=\"og:image:height\" content=\"1024\" \/>\n\t<meta property=\"og:image:type\" content=\"image\/png\" \/>\n<meta name=\"twitter:card\" content=\"summary_large_image\" \/>\n<meta name=\"twitter:label1\" content=\"Dur\u00e9e de lecture estim\u00e9e\" \/>\n\t<meta name=\"twitter:data1\" content=\"5 minutes\" \/>\n<script type=\"application\/ld+json\" class=\"yoast-schema-graph\">{\"@context\":\"https:\/\/schema.org\",\"@graph\":[{\"@type\":\"WebPage\",\"@id\":\"https:\/\/geoseminaire2025.teledetection.fr\/?page_id=103\",\"url\":\"https:\/\/geoseminaire2025.teledetection.fr\/?page_id=103\",\"name\":\"Informations Pratiques - G\u00e9os\u00e9minaire 2025\",\"isPartOf\":{\"@id\":\"https:\/\/geoseminaire2025.teledetection.fr\/#website\"},\"datePublished\":\"2025-01-01T21:19:42+00:00\",\"dateModified\":\"2025-02-17T21:29:30+00:00\",\"description\":\"Entre repr\u00e9sentation des territoires, attractivit\u00e9 et innovation, croiser les mondes de la g\u00e9omatique et du jeu vid\u00e9o.\",\"breadcrumb\":{\"@id\":\"https:\/\/geoseminaire2025.teledetection.fr\/?page_id=103#breadcrumb\"},\"inLanguage\":\"fr-FR\",\"potentialAction\":[{\"@type\":\"ReadAction\",\"target\":[\"https:\/\/geoseminaire2025.teledetection.fr\/?page_id=103\"]}]},{\"@type\":\"BreadcrumbList\",\"@id\":\"https:\/\/geoseminaire2025.teledetection.fr\/?page_id=103#breadcrumb\",\"itemListElement\":[{\"@type\":\"ListItem\",\"position\":1,\"name\":\"Accueil\",\"item\":\"https:\/\/geoseminaire2025.teledetection.fr\/\"},{\"@type\":\"ListItem\",\"position\":2,\"name\":\"Informations Pratiques\"}]},{\"@type\":\"WebSite\",\"@id\":\"https:\/\/geoseminaire2025.teledetection.fr\/#website\",\"url\":\"https:\/\/geoseminaire2025.teledetection.fr\/\",\"name\":\"G\u00e9os\u00e9minaire 2025\",\"description\":\"GIS &amp; GAMING\",\"publisher\":{\"@id\":\"https:\/\/geoseminaire2025.teledetection.fr\/#organization\"},\"alternateName\":\"G\u00e9os\u00e9minaire\",\"potentialAction\":[{\"@type\":\"SearchAction\",\"target\":{\"@type\":\"EntryPoint\",\"urlTemplate\":\"https:\/\/geoseminaire2025.teledetection.fr\/?s={search_term_string}\"},\"query-input\":{\"@type\":\"PropertyValueSpecification\",\"valueRequired\":true,\"valueName\":\"search_term_string\"}}],\"inLanguage\":\"fr-FR\"},{\"@type\":\"Organization\",\"@id\":\"https:\/\/geoseminaire2025.teledetection.fr\/#organization\",\"name\":\"G\u00e9os\u00e9minaire 2025\",\"alternateName\":\"G\u00e9os\u00e9minaire\",\"url\":\"https:\/\/geoseminaire2025.teledetection.fr\/\",\"logo\":{\"@type\":\"ImageObject\",\"inLanguage\":\"fr-FR\",\"@id\":\"https:\/\/geoseminaire2025.teledetection.fr\/#\/schema\/logo\/image\/\",\"url\":\"https:\/\/geoseminaire2025.teledetection.fr\/wp-content\/uploads\/2025\/01\/G-geoseminaire_sans_fond_capri.png\",\"contentUrl\":\"https:\/\/geoseminaire2025.teledetection.fr\/wp-content\/uploads\/2025\/01\/G-geoseminaire_sans_fond_capri.png\",\"width\":1024,\"height\":1024,\"caption\":\"G\u00e9os\u00e9minaire 2025\"},\"image\":{\"@id\":\"https:\/\/geoseminaire2025.teledetection.fr\/#\/schema\/logo\/image\/\"},\"sameAs\":[\"https:\/\/www.facebook.com\/people\/Geoseminaire-2025\/61572608900768\/\",\"https:\/\/www.youtube.com\/@geoseminairesilat9797\",\"https:\/\/www.instagram.com\/geoseminaire\/\"]}]}<\/script>\n<!-- \/ Yoast SEO plugin. -->","yoast_head_json":{"title":"Informations Pratiques - G\u00e9os\u00e9minaire 2025","description":"Entre repr\u00e9sentation des territoires, attractivit\u00e9 et innovation, croiser les mondes de la g\u00e9omatique et du jeu vid\u00e9o.","robots":{"index":"index","follow":"follow","max-snippet":"max-snippet:-1","max-image-preview":"max-image-preview:large","max-video-preview":"max-video-preview:-1"},"canonical":"https:\/\/geoseminaire2025.teledetection.fr\/?page_id=103","og_locale":"fr_FR","og_type":"article","og_title":"Informations Pratiques - G\u00e9os\u00e9minaire 2025","og_description":"Entre repr\u00e9sentation des territoires, attractivit\u00e9 et innovation, croiser les mondes de la g\u00e9omatique et du jeu vid\u00e9o.","og_url":"https:\/\/geoseminaire2025.teledetection.fr\/?page_id=103","og_site_name":"G\u00e9os\u00e9minaire 2025","article_publisher":"https:\/\/www.facebook.com\/people\/Geoseminaire-2025\/61572608900768\/","article_modified_time":"2025-02-17T21:29:30+00:00","og_image":[{"width":1024,"height":1024,"url":"https:\/\/geoseminaire2025.teledetection.fr\/wp-content\/uploads\/2025\/01\/G-geoseminaire_sans_fond_capri.png","type":"image\/png"}],"twitter_card":"summary_large_image","twitter_misc":{"Dur\u00e9e de lecture estim\u00e9e":"5 minutes"},"schema":{"@context":"https:\/\/schema.org","@graph":[{"@type":"WebPage","@id":"https:\/\/geoseminaire2025.teledetection.fr\/?page_id=103","url":"https:\/\/geoseminaire2025.teledetection.fr\/?page_id=103","name":"Informations Pratiques - G\u00e9os\u00e9minaire 2025","isPartOf":{"@id":"https:\/\/geoseminaire2025.teledetection.fr\/#website"},"datePublished":"2025-01-01T21:19:42+00:00","dateModified":"2025-02-17T21:29:30+00:00","description":"Entre repr\u00e9sentation des territoires, attractivit\u00e9 et innovation, croiser les mondes de la g\u00e9omatique et du jeu vid\u00e9o.","breadcrumb":{"@id":"https:\/\/geoseminaire2025.teledetection.fr\/?page_id=103#breadcrumb"},"inLanguage":"fr-FR","potentialAction":[{"@type":"ReadAction","target":["https:\/\/geoseminaire2025.teledetection.fr\/?page_id=103"]}]},{"@type":"BreadcrumbList","@id":"https:\/\/geoseminaire2025.teledetection.fr\/?page_id=103#breadcrumb","itemListElement":[{"@type":"ListItem","position":1,"name":"Accueil","item":"https:\/\/geoseminaire2025.teledetection.fr\/"},{"@type":"ListItem","position":2,"name":"Informations Pratiques"}]},{"@type":"WebSite","@id":"https:\/\/geoseminaire2025.teledetection.fr\/#website","url":"https:\/\/geoseminaire2025.teledetection.fr\/","name":"G\u00e9os\u00e9minaire 2025","description":"GIS &amp; GAMING","publisher":{"@id":"https:\/\/geoseminaire2025.teledetection.fr\/#organization"},"alternateName":"G\u00e9os\u00e9minaire","potentialAction":[{"@type":"SearchAction","target":{"@type":"EntryPoint","urlTemplate":"https:\/\/geoseminaire2025.teledetection.fr\/?s={search_term_string}"},"query-input":{"@type":"PropertyValueSpecification","valueRequired":true,"valueName":"search_term_string"}}],"inLanguage":"fr-FR"},{"@type":"Organization","@id":"https:\/\/geoseminaire2025.teledetection.fr\/#organization","name":"G\u00e9os\u00e9minaire 2025","alternateName":"G\u00e9os\u00e9minaire","url":"https:\/\/geoseminaire2025.teledetection.fr\/","logo":{"@type":"ImageObject","inLanguage":"fr-FR","@id":"https:\/\/geoseminaire2025.teledetection.fr\/#\/schema\/logo\/image\/","url":"https:\/\/geoseminaire2025.teledetection.fr\/wp-content\/uploads\/2025\/01\/G-geoseminaire_sans_fond_capri.png","contentUrl":"https:\/\/geoseminaire2025.teledetection.fr\/wp-content\/uploads\/2025\/01\/G-geoseminaire_sans_fond_capri.png","width":1024,"height":1024,"caption":"G\u00e9os\u00e9minaire 2025"},"image":{"@id":"https:\/\/geoseminaire2025.teledetection.fr\/#\/schema\/logo\/image\/"},"sameAs":["https:\/\/www.facebook.com\/people\/Geoseminaire-2025\/61572608900768\/","https:\/\/www.youtube.com\/@geoseminairesilat9797","https:\/\/www.instagram.com\/geoseminaire\/"]}]}},"uagb_featured_image_src":{"full":false,"thumbnail":false,"medium":false,"medium_large":false,"large":false,"1536x1536":false,"2048x2048":false,"blogarise-slider-full":false,"blogarise-featured":false,"blogarise-medium":false},"uagb_author_info":{"display_name":"Salima Rakass","author_link":"https:\/\/geoseminaire2025.teledetection.fr\/?author=2"},"uagb_comment_info":0,"uagb_excerpt":"Comment se rendre \u00e0 l&rsquo;\u00e9v\u00e8nement ? Le G\u00e9os\u00e9minaire se d\u00e9roulera le 20 mars 2025 \u00e0 l\u2019H\u00f4tel de Montpellier M\u00e9diterran\u00e9e M\u00e9tropole, situ\u00e9 au 50 Place Zeus. Acc\u00e8s au G\u00e9os\u00e9minaire \ud83d\ude86 En transport en commun : \ud83d\ude97 En voiture :","_links":{"self":[{"href":"https:\/\/geoseminaire2025.teledetection.fr\/index.php?rest_route=\/wp\/v2\/pages\/103","targetHints":{"allow":["GET"]}}],"collection":[{"href":"https:\/\/geoseminaire2025.teledetection.fr\/index.php?rest_route=\/wp\/v2\/pages"}],"about":[{"href":"https:\/\/geoseminaire2025.teledetection.fr\/index.php?rest_route=\/wp\/v2\/types\/page"}],"author":[{"embeddable":true,"href":"https:\/\/geoseminaire2025.teledetection.fr\/index.php?rest_route=\/wp\/v2\/users\/2"}],"replies":[{"embeddable":true,"href":"https:\/\/geoseminaire2025.teledetection.fr\/index.php?rest_route=%2Fwp%2Fv2%2Fcomments&post=103"}],"version-history":[{"count":67,"href":"https:\/\/geoseminaire2025.teledetection.fr\/index.php?rest_route=\/wp\/v2\/pages\/103\/revisions"}],"predecessor-version":[{"id":1214,"href":"https:\/\/geoseminaire2025.teledetection.fr\/index.php?rest_route=\/wp\/v2\/pages\/103\/revisions\/1214"}],"wp:attachment":[{"href":"https:\/\/geoseminaire2025.teledetection.fr\/index.php?rest_route=%2Fwp%2Fv2%2Fmedia&parent=103"}],"curies":[{"name":"wp","href":"https:\/\/api.w.org\/{rel}","templated":true}]}}